
Let l = -265 - -385. Suppose f - 44 = -3*j, -6*f - 64 = -4*j - 2*f. Calculate the greatest common divisor of l and j.
15
Let m = 154 - 98. What is the highest common divisor of 24 and m?
8
Let u(w) = w**2 - 4*w - 2. Let v be u(6). Let z(t) be the first derivative of t**2/2 + 40*t - 5. Let o be z(0). What is the highest common factor of v and o?
10
Suppose -3 = 5*l + 2. Let t be l - (1 + -2 + -2). Suppose -3 = u, -t*s = u + 3*u - 28. What is the greatest common divisor of 30 and s?
10
Let l be (-6)/9 - 34/(-6). Let s = l - -8. Suppose -2*o = -7*o + 325. Calculate the highest common divisor of o and s.
13
Let d be 2/10 - (-58)/10. What is the highest common factor of d and 6?
6
Let h(q) = q + 1. Let s be h(1). Suppose 0 = s*g + 3*g + 3*i - 107, 2*g - 3*i - 47 = 0. Calculate the highest common factor of g and 44.
22
Let i(y) be the first derivative of 39*y**2/2 + 1. Let u be i(6). Let h(d) = 3*d + 5. Let g be h(7). Calculate the greatest common factor of g and u.
26
Let a(v) = -47*v + 21. Let h be a(-3). What is the greatest common divisor of 18 and h?
18
Let i = -5 + 10. Let z(q) = q**2 + 4*q - 5. Let w(u) = -u + 1. Let j(h) = i*w(h) - z(h). Let p be j(-9). What is the greatest common factor of p and 5?
5
Suppose -5*v = -2*t - 206 + 594, -3*v = 6. Suppose -3*j + 6*j = 135. Let n = -24 + j. Calculate the highest common factor of n and t.
21
Let f(s) = 4*s**2 + 4*s + 3. Suppose 2*d + 0*d + 6 = 0. Let j be f(d). Calculate the highest common factor of j and 9.
9
Suppose -79 = -x + 33. What is the highest common divisor of x and 16?
16
Let f(i) = 2*i**3 + i**2. Let j be f(2). Suppose -6*n - j = -2*n. Let r = n - -15. What is the highest common divisor of 70 and r?
10
Let r be 6/(-8)*22*-2. Suppose -s + 0*s + r = 0. What is the highest common divisor of s and 363?
33
Let j = -51 - -60. Calculate the greatest common factor of 333 and j.
9
Let h = -14 + 40. What is the greatest common factor of 182 and h?
26
Let j(f) = -f**2 - f. Let x be j(2). Let d be (-1)/(-2) + (-21)/x. Let i be 2/(-5) - (-104)/10. What is the greatest common divisor of d and i?
2
Let y be 232/8 + 4*-1. Suppose -3*b + y + 29 = 0. Calculate the greatest common factor of b and 54.
18
Suppose -w + 10 = w - 2*x, -w + 4*x = -11. Suppose 4*m - 87 = w*y + 2*y, -8 = -m + 4*y. Calculate the greatest common divisor of m and 4.
4
Suppose -4*c + 2*g - 3*g + 38 = 0, 2*c - 24 = 2*g. What is the greatest common divisor of 90 and c?
10
Let i = 56 + 0. What is the greatest common divisor of i and 8?
8
Suppose r + 2*r = -4*b + 95, -5*b + 112 = -3*r. Suppose -68 = -3*f + d, -f - 5*d = -0*d - 28. Calculate the greatest common divisor of f and b.
23
Let x = 69 + -19. Calculate the greatest common divisor of 25 and x.
25
Let r be 6/14 - (-218)/14. What is the greatest common factor of r and 64?
16
Let c(s) = -9*s**2 - 4 - 4*s + 1 + 23*s**2. Let q be c(-2). Let h = q - -11. What is the highest common divisor of h and 9?
9
Let f(u) = -2*u - 8 + 8 - 8. Let x be f(-6). What is the highest common factor of 6 and x?
2
Suppose 4 + 0 = -p. Let i = -9 - p. Let b be (72/(-15) - -2)*i. What is the greatest common divisor of b and 70?
14
Suppose 36 = 5*k - 94. What is the greatest common factor of 208 and k?
26
Let w = 2 + 1. Suppose 2*d = 1 + w. Suppose 6 = -3*z, 4*m - d*z = 21 + 15. Calculate the highest common factor of 40 and m.
8
Suppose -g + 36 = -0*g. What is the highest common factor of 18 and g?
18
Let s be 4/(-6) - 76/(-6). What is the greatest common factor of s and 24?
12
Let h = -357 - -501. Calculate the greatest common factor of 16 and h.
16
Let n(h) = -18*h**3 + 2*h**2 + 2*h + 1. Let u be n(-1). Let p = -18 + u. What is the greatest common divisor of 5 and p?
1
Let s(l) = l**3 - 22*l**2 - 21*l - 42. Let z be s(23). Calculate the greatest common factor of 12 and z.
4
Let k = -6 + 6. Suppose -2*q + k*q + 32 = 0. Let z be 2*2*(1 - -5). Calculate the greatest common factor of z and q.
8
Suppose 135 = 2*w + 47. Suppose -o + w = -44. Calculate the greatest common divisor of 8 and o.
8
Let q(x) = 5*x + 26. Let y be q(-5). Let c(r) = r + 6. Let t be c(5). What is the greatest common divisor of t and y?
1
Let c be (4/(-2))/((-4)/150). Suppose c = 6*y - y. Let a = -10 + y. Calculate the greatest common divisor of 20 and a.
5
Let f(i) = i**2. Let q(p) = 4*p - 7. Let n(y) = -3*f(y) - q(y). Let s be n(-5). Let d = s - -74. What is the highest common divisor of d and 39?
13
Suppose 158 = -3*p + j, -3*p + 4*j = -p + 102. Let r = p - -109. Let a be (-2)/((-4)/14) - -1. Calculate the greatest common divisor of a and r.
8
Suppose 20 = 7*i - 2*i. Suppose 0 = y - i*y + 126. Calculate the greatest common factor of 6 and y.
6
Let r(i) = -39*i + 3. Let f be r(-3). Suppose -8*j = -4*j - 60. Calculate the highest common factor of j and f.
15
Suppose 8 = 4*g - 2*g. What is the greatest common factor of 44 and g?
4
Let w(n) = n**2 - 9*n + 5. Let d be w(7). Let z = d + 84. Calculate the highest common factor of 15 and z.
15
Suppose -4*k - g = -65, -2*k = -g + 2*g - 33. Let n(y) = y**3 - 10*y**2 + 4*y - 8. Let w be n(10). What is the greatest common divisor of w and k?
16
Let l(x) = 3*x - 4. Let k be l(10). Suppose -2*t + 3*m + k = -0*m, -3*t + 2*m + 39 = 0. Suppose 117 = -3*p + 6*p. What is the highest common factor of p and t?
13
Let c(o) = 19*o**2 + 2*o + 1. Let j be c(2). What is the highest common divisor of 9 and j?
9
Let g be ((-8)/10)/((-2)/10). Suppose -3*z = g*o - 31, -o - z = -0*z - 8. What is the highest common factor of 28 and o?
7
Let x be 12/((-9)/(-2) - 3). Let t = 6 - 4. Calculate the greatest common divisor of x and t.
2
Let j(v) = -2*v**3 - 2*v**2 + 2*v + 2. Let f be j(-3). Calculate the highest common factor of 48 and f.
16
Let j be (-1360)/(-16) + 0 + 1 + 4. Calculate the greatest common factor of 20 and j.
10
Let w(x) = -9 - 3*x**2 + 3*x**2 + 15*x - 2*x**2 + x**2. Let k be w(12). What is the greatest common divisor of 9 and k?
9
Suppose 341 = 5*s + t, s = -4*t + 77 - 5. Suppose 2*h - s = 44. What is the greatest common factor of 8 and h?
8
Let x be 3*(3/9 + 1). Let a be (x/(-6))/(1/(-45)). Calculate the greatest common divisor of 60 and a.
30
Let s(r) = -r**2 - 7*r - 3. Let x be s(-6). Let d be 6/x - (-1 - 0). What is the highest common divisor of 24 and d?
3
Suppose 4*x - 27 = x. Calculate the highest common factor of x and 45.
9
Let d be (-12)/3*15/4. Let a = 16 + d. What is the greatest common factor of 11 and a?
1
Suppose 3*j = 2*j + 261. Calculate the greatest common divisor of 29 and j.
29
Let b = 27 + 0. What is the greatest common factor of b and 18?
9
Let f = -5 + 8. Let d = 5 - f. What is the highest common factor of d and 22?
2
Suppose 2*k - 2*u - 20 = -4, -5*u + 20 = k. Let n(p) = 6*p - 7. Let x be n(6). Let c = x - k. Calculate the greatest common factor of c and 171.
19
Let o(n) = 26*n**2 - 7*n + 1. Let h(b) = 78*b**2 - 20*b + 3. Let r(d) = 4*h(d) - 11*o(d). Let f be r(1). Calculate the greatest common divisor of f and 8.
8
Suppose -59 = -4*o + 205. Let y(z) = -z**2 + 9*z - 8. Let q be y(7). What is the greatest common factor of q and o?
6
Let v = 39 + -18. Let k = v - 10. Calculate the highest common divisor of k and 33.
11
Suppose 0 = -5*b + 4*b - 3. Let i be (-6 - b)/(3/(-2)). Suppose -2*p = i*p - 48. Calculate the greatest common factor of p and 8.
4
Let v = 6 - 1. Suppose -z - v = -23. Calculate the greatest common factor of 54 and z.
18
Suppose 2*v - 2*j + 9 = 5*v, v + 4*j = 3. Suppose 2*b = v*b - 2. Suppose 58 = b*h - 52. Calculate the highest common divisor of 5 and h.
5
Let p(q) = 9*q - 2. Let r be p(3). What is the highest common divisor of 225 and r?
25
Let h(b) = -b - 3. Let p(u) = -2*u + 9. Let x be p(6). Let a be h(x). Suppose 5*l - 245 = -a*l. What is the greatest common factor of l and 7?
7
Let n = -35 + 55. Calculate the greatest common divisor of 8 and n.
4
Let d(w) = 7*w**2 + 8*w + 10. Let m(v) = -20*v**2 - 24*v - 29. Let r(h) = -17*d(h) - 6*m(h). Let j be r(-10). What is the greatest common divisor of j and 6?
6
Let h(o) = -15*o + 2. Let a be h(-5). Calculate the highest common factor of a and 7.
7
Suppose -3*n = -3 - 6. Let k be 3/(n/6 - 2). Let x = k - -19. What is the greatest common divisor of x and 34?
17
Let a = 3 + 1. Suppose 20 = 3*g + v, -a*v = 7*g - 3*g - 32